the prime factors of v.
5, 7
Suppose 2*z - 3*q - 847 - 995 = 0, 5*q = -2*z + 1826. List the prime factors of z.
2, 3, 17
List the prime factors of ((-38)/(-665)*-8057)/((-2)/5).
1151
Let z be 138/30 - 6/10. Let x(t) = t + 1 - t - z*t. List the prime factors of x(-2).
3
Suppose 3*j - 1236 = 3*q, -2*j - q = -j - 418. What are the prime factors of j?
5, 83
List the prime factors of (1952/80)/((-1)/(-115)).
2, 23, 61
Let i(g) = 9*g - 21. Let u be i(5). Suppose -u*k = -34*k + 1940. What are the prime factors of k?
2, 97
Suppose -20 = -4*g + 4*l, 0 = -2*g - g + 4*l + 17. Suppose 43 = -k + 2*k - g*a, 4*k = 5*a + 179. Let r = 95 - k. What are the prime factors of r?
7
Let b(t) = -5*t + 71 + 2*t - 68 + t**2. Let a be b(3). Suppose 3*x - 27 = -2*y - 5, -31 = -a*y - 5*x. List the prime factors of y.
17
Suppose 11*h + 310 = 6*h. Let v = 32 + h. Let a = v - -46. List the prime factors of a.
2
Let r(p) = -6*p**2 - 40*p - 5. Let j(x) = x**2 + 8*x + 1. Let i(y) = 11*j(y) + 2*r(y). Let z be i(7). What are the prime factors of z/12 + (-40)/(-3)?
2, 7
Let u(z) = z**2 - 4*z + 4. Let d be u(4). Suppose 15 = 3*l, d*n = -0*n + 5*l + 287. List the prime factors of n.
2, 3, 13
Let g(q) = q**3 - 10*q**2 + 4*q + 58. What are the prime factors of g(12)?
2, 197
Let c(p) = -p**3 + 4*p**2 + 6*p - 9. Let j be c(5). Let y be (10/(-15))/(j/42). Let n = y + -1. What are the prime factors of n?
2, 3
Let a(s) = 54*s - 2. Let o(t) = t**3 + 2*t**2 + 2*t + 1. Let j be o(-2). Let f(v) = 53*v - 1. Let p(g) = j*f(g) + 2*a(g). What are the prime factors of p(-1)?
2, 5
Let g = 1018 + -534. What are the prime factors of g?
2, 11
Let z(u) = u**3 - 15*u**2 + 13*u - 4. Let d be z(14). Let w = -11 - d. Suppose -4*g - 1 = w, -s + 40 = -g. What are the prime factors of s?
2, 19
Let v(q) = 6*q**2 - 18*q - 24. What are the prime factors of v(-9)?
2, 3, 13
Let s be 990/63*14/2. Let l = s + -9. List the prime factors of l.
101
Suppose -3 = 3*p + 21. Let m = p - -13. Suppose -z + m*z - 36 = 0. List the prime factors of z.
3
Let n = -55 - -55. Suppose -3*j + 520 = 2*z - n*z, 708 = 4*j - z. List the prime factors of j.
2, 11
Let d be (-798)/(-54) + 2/9. Suppose 0 = 5*u - 20 - d. Let c = 23 - u. List the prime factors of c.
2
Let t = -831 - -1459. List the prime factors of t.
2, 157
Let d = -35 - -140. Suppose d = p + 4. What are the prime factors of p?
101
Let r = 47 + -68. Let k(p) = -9*p - 44. List the prime factors of k(r).
5, 29
Suppose 0 = 4*a - 5*l - 6423, 2*a - 19*l = -14*l + 3209. List the prime factors of a.
1607
What are the prime factors of (3978/(-4))/(2*(-1)/4)?
3, 13, 17
Let y(g) = g**2 + 5*g - 4. Let s be y(-8). Let u = -16 + s. Suppose u*i = -i + 65. What are the prime factors of i?
13
Let o(u) = u**2 + u + 25. Let z(i) = -6*i + 40. Let r be z(9). What are the prime factors of o(r)?
3, 23
Let g = -5754 + 8390. List the prime factors of g.
2, 659
Let m = 21 - 18. Suppose m*x = 5*c + 31, -15 = 3*x + 3*c - 6. Suppose v - x*v + 34 = -4*j, -5*v + 3*j = -153. What are the prime factors of v?
2, 3, 5
Let d = -9 + -8. What are the prime factors of 3 + 5/(-5) - d?
19
Suppose -4*o + 5*o = -31. Let t = -119 - o. Let v = 133 + t. What are the prime factors of v?
3, 5
Let j(c) = 20*c + 3. Let h be j(-7). Let z = -198 - h. Let n = 91 + z. List the prime factors of n.
2, 3, 5
Let q = -26 + 37. Suppose 0 = -c + 31 + q. What are the prime factors of c?
2, 3, 7
Suppose 0 = -2*h + 7 - 1. Suppose 3*b = 6 + h. Suppose a + 8 = 4*r - a, -b*r + 6 = -2*a. What are the prime factors of r?
2
Let k = 5 - 1. Suppose k = j + 1. What are the prime factors of (-2)/(j/(276/(-8)))?
23
Suppose -5*t + 2450 = 2*t. List the prime factors of t.
2, 5, 7
Let q = -2298 - -7940. What are the prime factors of q?
2, 7, 13, 31
Let l(d) = -2*d**2 + 3*d + 2. Let q be l(-2). Suppose -5*n + 252 = -y - 335, -y + 239 = 2*n. What are the prime factors of (-2)/q + n/12?
2, 5
Suppose 4*z - 436 = -4*h, -2*h = -0*z - z + 97. Suppose -5*b - z = -10*b. What are the prime factors of b?
3, 7
Let c = 260 + 5537. List the prime factors of c.
11, 17, 31
Suppose 4*i - 4*c - 4939 = 813, -5*i - 2*c + 7218 = 0. List the prime factors of i.
2, 7, 103
Suppose 3 = p - 1. Let n = 0 + p. Suppose 0 = 2*w + n*f - 20, -28 - 12 = -w + 4*f. List the prime factors of w.
2, 5
Suppose -2*w + 5*b - 2*b + 1054 = 0, -2*w + b = -1058. What are the prime factors of w?
2, 5, 53
Let m = -3 + 7. Suppose 4*u = m*t + 4, 5*u + t - 4*t - 13 = 0. Let n = u + -1. List the prime factors of n.
2
Let z(w) = -w + 7. Let y be z(3). Suppose s + y*d = 5*s - 404, 3*s = 4*d + 301. What are the prime factors of s?
103
Suppose 0 = 5*h + 1310 - 4365. Let q = -384 + h. Suppose -13 = -4*n + q. What are the prime factors of n?
2, 3, 5
Let v be 86 - (-3 + (-2)/(-2)). Let s = v + -24. List the prime factors of s.
2
Let a(q) = -q**3 + 2*q**2 - 2*q + 4. Let w be a(2). Suppose 0*n + 5*n - 35 = w. What are the prime factors of 14/4*(n + 3)?
5, 7
Let x = -1153 - -4149. List the prime factors of x.
2, 7, 107
Let y(f) = f**3 - 10*f**2 + 27*f - 14. What are the prime factors of y(13)?
2, 211
Let d(v) = v**3 - 66*v**2 - 80*v - 35. List the prime factors of d(68).
7, 11
Suppose -2*p + 15463 = 6*y - y, -3*y + 3*p = -9261. List the prime factors of y.
11, 281
Let y(o) = -2*o**3 + 10*o**2 + 23*o + 5. What are the prime factors of y(-6)?
659
List the prime factors of (3 + -12)/45 - (-24372)/10.
2437
Let m be 2 + -16 + (-28)/7. Let o = 21 + m. Suppose 5*k = 2*g - 76, -2*k = -o*g + 114 - 22. List the prime factors of g.
2, 7
Let u = 0 + 3. Let j(f) = -9*f**3 + 8*f**2 + 2*f - 3. Let d(l) = -8*l**3 + 7*l**2 + 2*l - 3. Let k(i) = -7*d(i) + 6*j(i). List the prime factors of k(u).
2, 3, 7
Let n = -43 - -67. Suppose 0 = -3*i - 5*g + 136, -8 = -4*g - n. List the prime factors of i.
2, 13
Let j be -1 + 5 + 1675 + 3. Suppose -9*l + 838 = -j. What are the prime factors of l?
2, 5, 7
Suppose -12581 = -5*c + 2*v - 1401, -4*v = 0. List the prime factors of c.
2, 13, 43
Let c(t) = -16*t - 7*t**3 + 12 + 6*t**3 + 2*t**3. What are the prime factors of c(5)?
3, 19
Suppose 0 = 4*o, -3*h + 2*o + 0*o = -33. Let u be 187/3 - h/33. Let p = 116 - u. List the prime factors of p.
2, 3
Let a = -426 + 595. List the prime factors of a.
13
Suppose -5*l - y + 0*y = -18, -3*y = 4*l - 21. Let k(c) = c + 2. Let q be k(0). Suppose -z + 45 = l*d + 2*z, z - q = 0. What are the prime factors of d?
13
Suppose -4*q = d - 2189 - 1014, 5*q + 6354 = 2*d. List the prime factors of d.
3187
Suppose 124 = u - 88. Suppose -9*h + 5*h + u = 0. What are the prime factors of h?
53
List the prime factors of (11428/(-14))/(17/((-476)/8)).
2857
Suppose -3*g + 691 = 2*i, 3*i + 4*g - 67 = 968. Let j = -141 + i. Suppose 0 = 5*h - j - 35. List the prime factors of h.
47
Let o(k) be the first derivative of k**2/2 - 3*k + 12. Let x = -1 - -13. What are the prime factors of o(x)?
3
Let h(r) = -71*r - 65. What are the prime factors of h(-4)?
3, 73
What are the prime factors of (190 - 74)/(4/6)?
2, 3, 29
Let z(q) = 2*q**2 - 22*q + 132. What are the prime factors of z(22)?
2, 7, 11
Let n(j) = -16*j - 1. Let i be n(-3). Suppose -4 = -2*s - v, -s + 5*s + v - 12 = 0. Suppose 5*p + 136 = s*z, -z + p = 3*p - i. What are the prime factors of z?
3, 13
What are the prime factors of (-4 + (-3184)/24)/(2/(-6))?
2, 5, 41
Let x(z) = -z**2 - 10*z - 7. Let u be x(-8). Let i = u - 7. Suppose -38 = -0*c - i*c. What are the prime factors of c?
19
List the prime factors of (-28)/84 - (-2038)/3.
7, 97
Let b(c) = -7*c**2 + 4*c - 7. Let z(s) = -4*s**2 + 2*s - 4. Let a(d) = -6*b(d) + 10*z(d). List the prime factors of a(-9).
2, 5
Let n = 13 - 13. Suppose n = -2*q - 7 + 5. What are the prime factors of ((-4)/(-8))/q*-38?
19
Let l be (-6)/(-10) - 154/(-35). Let i(z) = z**2 - 6*z + 9. Let p be i(l). Suppose p*d - 102 = 2. List the prime factors of d.
2, 13
Suppose -69*p + 860 = -68*p. What are the prime factors of p?
2, 5, 43
Let l = 992 - 237. Suppose l = 29*k - 24*k. What are the prime factors of k?
151
Suppose 8*z - 4*z - 32 = 0. Suppose -4*a + z = -3*c - 2, 3*a = c + 10. Suppose 0 = -c*p, 0 = 3*w + 2*p - 4*p - 72. What are the prime factors of w?
2, 3
Let a be (56/6)/4*141. Let m = a + -215. List the prime factors of m.
2, 3, 19
Let g(y) = 3*y**3 + 1 + 1 + 9*y**3 + 11*y**2 + 8*y - 13*y**3. 